n 96347 is divided by 1438?
1
Calculate the remainder when 74696 is divided by 60.
56
Calculate the remainder when 1157983 is divided by 43.
36
What is the remainder when 251317 is divided by 1436?
17
Calculate the remainder when 733 is divided by 500.
233
What is the remainder when 10380 is divided by 3455?
15
Calculate the remainder when 19894 is divided by 33.
28
What is the remainder when 636006 is divided by 1957?
1938
Calculate the remainder when 174412 is divided by 340.
332
What is the remainder when 964551 is divided by 37?
35
What is the remainder when 1208 is divided by 8?
0
Calculate the remainder when 1529301 is divided by 17.
15
What is the remainder when 1262 is divided by 1044?
218
What is the remainder when 144051 is divided by 144046?
5
What is the remainder when 14761 is divided by 57?
55
Calculate the remainder when 40475 is divided by 75.
50
What is the remainder when 13376 is divided by 704?
0
What is the remainder when 1956 is divided by 89?
87
What is the remainder when 12773 is divided by 793?
85
What is the remainder when 172025 is divided by 116?
113
Calculate the remainder when 30856 is divided by 2.
0
What is the remainder when 4001 is divided by 3793?
208
What is the remainder when 20240 is divided by 1290?
890
Calculate the remainder when 1012 is divided by 31.
20
What is the remainder when 581 is divided by 195?
191
Calculate the remainder when 67034 is divided by 20.
14
What is the remainder when 19294 is divided by 68?
50
What is the remainder when 81346 is divided by 1428?
1378
Calculate the remainder when 17551 is divided by 461.
33
Calculate the remainder when 12850 is divided by 1604.
18
Calculate the remainder when 10420 is divided by 3466.
22
What is the remainder when 2128 is divided by 36?
4
What is the remainder when 28959 is divided by 38?
3
Calculate the remainder when 62465 is divided by 92.
89
What is the remainder when 14718 is divided by 154?
88
Calculate the remainder when 12011 is divided by 290.
121
What is the remainder when 551 is divided by 106?
21
Calculate the remainder when 4275 is divided by 4269.
6
What is the remainder when 57977 is divided by 6?
5
What is the remainder when 3338 is divided by 115?
3
What is the remainder when 1219 is divided by 961?
258
What is the remainder when 29624 is divided by 53?
50
Calculate the remainder when 345180 is divided by 214.
212
What is the remainder when 380 is divided by 377?
3
Calculate the remainder when 29907 is divided by 266.
115
Calculate the remainder when 2209517 is divided by 568.
565
What is the remainder when 191336 is divided by 173?
171
Calculate the remainder when 2034 is divided by 1649.
385
What is the remainder when 3497 is divided by 166?
11
What is the remainder when 6461 is divided by 336?
77
What is the remainder when 3658 is divided by 1815?
28
Calculate the remainder when 2004 is divided by 212.
96
What is the remainder when 18842 is divided by 6277?
11
Calculate the remainder when 635 is divided by 333.
302
Calculate the remainder when 29540 is divided by 311.
306
Calculate the remainder when 3711 is divided by 25.
11
Calculate the remainder when 1242823 is divided by 828.
823
What is the remainder when 580769 is divided by 486?
485
What is the remainder when 766 is divided by 256?
254
What is the remainder when 20401 is divided by 3991?
446
What is the remainder when 144900 is divided by 2898?
0
Calculate the remainder when 77905 is divided by 294.
289
What is the remainder when 1193 is divided by 512?
169
What is the remainder when 4007 is divided by 801?
2
Calculate the remainder when 21582 is divided by 3591.
36
Calculate the remainder when 2648 is divided by 2632.
16
What is the remainder when 22343 is divided by 22154?
189
Calculate the remainder when 178874 is divided by 394.
392
What is the remainder when 41474 is divided by 233?
0
What is the remainder when 2044 is divided by 26?
16
Calculate the remainder when 408 is divided by 40.
8
What is the remainder when 73801 is divided by 2170?
21
What is the remainder when 62059 is divided by 31014?
31
Calculate the remainder when 3189196 is divided by 17.
13
What is the remainder when 2305 is divided by 61?
48
What is the remainder when 4078 is divided by 453?
1
Calculate the remainder when 5615 is divided by 264.
71
Calculate the remainder when 126381 is divided by 244.
233
Calculate the remainder when 5423 is divided by 5403.
20
What is the remainder when 119 is divided by 1?
0
What is the remainder when 13753845 is divided by 526?
523
What is the remainder when 105446 is divided by 6589?
22
Calculate the remainder when 18752 is divided by 59.
49
Calculate the remainder when 824041 is divided by 689.
686
What is the remainder when 358809 is divided by 31?
15
What is the remainder when 8771 is divided by 172?
171
Calculate the remainder when 259828 is divided by 30.
28
Calculate the remainder when 10339 is divided by 64.
35
Calculate the remainder when 157946 is divided by 57.
56
What is the remainder when 40447 is divided by 277?
5
What is the remainder when 17366 is divided by 334?
332
Calculate the remainder when 1543 is divided by 624.
295
What is the remainder when 41295 is divided by 73?
50
Calculate the remainder when 2895 is divided by 17.
5
Calculate the remainder when 3343 is divided by 401.
135
Calculate the remainder when 307814 is divided by 404.
370
What is the remainder when 21593 is divided by 1798?
17
What is the remainder when 26514 is divided by 455?
124
What is the remainder when 737644 is divided by 8?
4
What is the remainder when 21546 is divided by 228?
114
Calculate the remainder when 20569 is divided by 102.
67
What is the remainder when 9871 is divided by 616?
15
Calculate the remainder when 18853 is divided by 299.
16
What is the remainder when 170954 is divided by 139?
123
What is the remainder when 6328 is divided by 26?
10
What is the remainder when 346896 is divided by 58?
56
Calculate the remainder when 54598 is divided by 215.
203
Calculate the remainder when 1477 is divided by 112.
21
Calculate the remainder when 2444 is divided by 424.
324
What is the remainder when 3699 is divided by 1201?
96
Calculate the remainder when 5444 is divided by 43.
26
Calculate the remainder when 28497 is divided by 57.
54
Calculate the remainder when 636105 is divided by 71.
16
What is the remainder when 1133 is divided by 26?
15
Calculate the remainder when 65705 is divided by 233.
232
Calculate the remainder when 25792 is divided by 25656.
136
What is the remainder when 6253 is divided by 3122?
9
What is the remainder when 17220 is divided by 154?
126
Calculate the remainder when 11167 is divided by 442.
117
Calculate the remainder when 8752124 is divided by 2368.
2364
Calculate the remainder when 47117 is divided by 1456.
525
Calculate the remainder when 51255 is divided by 1315.
1285
What is the remainder when 16198 is divided by 17?
14
What is the remainder when 1828 is divided by 12?
4
What is the remainder when 65263 is divided by 989?
978
What is the remainder when 793 is divided by 64?
25
Calculate the remainder when 24014 is divided by 185.
149
What is the remainder when 326 is divided by 288?
38
What is the remainder when 59681 is divided by 29662?
357
What is the remainder when 8344 is divided by 90?
64
What is the remainder when 19427 is divided by 1592?
323
What is the remainder when 313 is divided by 16?
9
What is the remainder when 59817 is divided by 287?
121
What is the remainder when 2297 is divided by 1663?
634
Calculate the remainder when 97335 is divided by 42.
21
What is the remainder when 1190 is divided by 250?
190
Calculate the remainder when 1978 is divided by 32.
26
What is the remainder when 166872 is divided by 75?
72
What is the remainder when 5840670 is divided by 51?
48
What is the remainder when 1136 is divided by 47?
8
What is the remainder when 324029 is divided by 36000?
29
What is the remainder when 93071 is divided by 141?
11
What is the remainder when 1263217 is divided by 1289?
1286
Calculate the remainder when 11419 is divided by 150.
19
Calculate the remainder when 317207 is divided by 21147.
2
Calculate the remainder when 13593 is divided by 1236.
1233
What is the remainder when 193 is divided by 159?
34
